{"id":55,"date":"2021-05-15T18:22:03","date_gmt":"2021-05-15T16:22:03","guid":{"rendered":"https:\/\/www.ferramentastratta.it\/?page_id=55"},"modified":"2021-05-18T22:53:37","modified_gmt":"2021-05-18T20:53:37","slug":"chi-siamo","status":"publish","type":"page","link":"https:\/\/www.ferramentastratta.it\/?page_id=55","title":{"rendered":"CHI SIAMO"},"content":{"rendered":"<p>Una storia lunga ed avvincente per il negozio piemontese: essere stato il primo cliente dello storico grossista Machieraldo ed essere appena entrato a far parte del gruppo Ferca, ne rappresentano solo alcune tappe. Ripercorriamola insieme a Fabio Stratta, nuova generazione dell\u2019azienda con i fratelli Marco e Luca.<\/p>\n<p>&nbsp;<\/p>\n<p><img loading=\"lazy\" class=\"aligncenter wp-image-109 size-large\" src=\"https:\/\/www.ferramentastratta.it\/wp-content\/uploads\/2021\/05\/20210113_140315-1024x768.jpg\" alt=\"\" width=\"640\" height=\"480\" srcset=\"https:\/\/www.ferramentastratta.it\/wp-content\/uploads\/2021\/05\/20210113_140315-1024x768.jpg 1024w, https:\/\/www.ferramentastratta.it\/wp-content\/uploads\/2021\/05\/20210113_140315-300x225.jpg 300w, https:\/\/www.ferramentastratta.it\/wp-content\/uploads\/2021\/05\/20210113_140315-768x576.jpg 768w, https:\/\/www.ferramentastratta.it\/wp-content\/uploads\/2021\/05\/20210113_140315-1536x1152.jpg 1536w, https:\/\/www.ferramentastratta.it\/wp-content\/uploads\/2021\/05\/20210113_140315-2048x1536.jpg 2048w\" sizes=\"(max-width: 640px) 100vw, 640px\" \/><\/p>\n<p>&nbsp;<\/p>\n<p>Ferramenta Stratta di Bollengo (TO) con i tre figli maschi in azienda rappresenta un esempio di family business con passaggio generazionale avviato ad una conclusione molto positiva.<\/p>\n<p>&nbsp;<\/p>\n<p><img loading=\"lazy\" class=\"aligncenter wp-image-112 size-large\" src=\"https:\/\/www.ferramentastratta.it\/wp-content\/uploads\/2021\/05\/20210113_140624-1024x768.jpg\" alt=\"\" width=\"640\" height=\"480\" srcset=\"https:\/\/www.ferramentastratta.it\/wp-content\/uploads\/2021\/05\/20210113_140624-1024x768.jpg 1024w, https:\/\/www.ferramentastratta.it\/wp-content\/uploads\/2021\/05\/20210113_140624-300x225.jpg 300w, https:\/\/www.ferramentastratta.it\/wp-content\/uploads\/2021\/05\/20210113_140624-768x576.jpg 768w, https:\/\/www.ferramentastratta.it\/wp-content\/uploads\/2021\/05\/20210113_140624-1536x1152.jpg 1536w, https:\/\/www.ferramentastratta.it\/wp-content\/uploads\/2021\/05\/20210113_140624-2048x1536.jpg 2048w\" sizes=\"(max-width: 640px) 100vw, 640px\" \/><\/p>\n<p>&nbsp;<\/p>\n<p>La rivendita ferramenta nasce ufficialmente nel 1953 a Bollengo in una piccola struttura di soli 80 metri quadri, ma le sue origini autentiche sono precedenti e derivano da un\u2019attivit\u00e0 tradizionale che oggi abbiamo perso, il fabbro-carradore (in dialetto piemontese) ossia l\u2019artigiano che riparava i carri agricoli in legno, utilizzando materia prima ferrosa come chiodi e bulloni realizzati a mano.<\/p>\n<p>&nbsp;<\/p>\n<p><img loading=\"lazy\" class=\"aligncenter wp-image-113 size-large\" src=\"https:\/\/www.ferramentastratta.it\/wp-content\/uploads\/2021\/05\/20210113_140632-1024x768.jpg\" alt=\"\" width=\"640\" height=\"480\" srcset=\"https:\/\/www.ferramentastratta.it\/wp-content\/uploads\/2021\/05\/20210113_140632-1024x768.jpg 1024w, https:\/\/www.ferramentastratta.it\/wp-content\/uploads\/2021\/05\/20210113_140632-300x225.jpg 300w, https:\/\/www.ferramentastratta.it\/wp-content\/uploads\/2021\/05\/20210113_140632-768x576.jpg 768w, https:\/\/www.ferramentastratta.it\/wp-content\/uploads\/2021\/05\/20210113_140632-1536x1152.jpg 1536w, https:\/\/www.ferramentastratta.it\/wp-content\/uploads\/2021\/05\/20210113_140632-2048x1536.jpg 2048w\" sizes=\"(max-width: 640px) 100vw, 640px\" \/><\/p>\n<p>&nbsp;<\/p>\n<p>Negli anni 40, l\u2019attivit\u00e0 si evolve e inizia il commercio all\u2019ingrosso che determina l\u2019incontro con Machieraldo che proponeva il prodotto finito con un notevole risparmio di tempo. \u201cAncora oggi siamo ricordati da Michele Raselli come il primo cliente nella storia di Machieraldo dall\u2019inizio della sua attivit\u00e0 di ingrosso\u201d\u2013 sottolinea con orgoglio Fabio Stratta \u2013 Segue a breve, negli anni 50, la proposta dello storico grossista di affiancare all\u2019attivit\u00e0 di riparazione quella di rivendita di articoli come chiodi, bulloni, pinze considerata la continua e crescente richiesta\u201d.<\/p>\n<p>&nbsp;<\/p>\n<p><img loading=\"lazy\" class=\"aligncenter wp-image-105 size-large\" src=\"https:\/\/www.ferramentastratta.it\/wp-content\/uploads\/2021\/05\/20210113_142641-1024x768.jpg\" alt=\"\" width=\"640\" height=\"480\" srcset=\"https:\/\/www.ferramentastratta.it\/wp-content\/uploads\/2021\/05\/20210113_142641-1024x768.jpg 1024w, https:\/\/www.ferramentastratta.it\/wp-content\/uploads\/2021\/05\/20210113_142641-300x225.jpg 300w, https:\/\/www.ferramentastratta.it\/wp-content\/uploads\/2021\/05\/20210113_142641-768x576.jpg 768w, https:\/\/www.ferramentastratta.it\/wp-content\/uploads\/2021\/05\/20210113_142641-1536x1152.jpg 1536w, https:\/\/www.ferramentastratta.it\/wp-content\/uploads\/2021\/05\/20210113_142641-2048x1536.jpg 2048w\" sizes=\"(max-width: 640px) 100vw, 640px\" \/><\/p>\n<p>&nbsp;<\/p>\n<p>Il resto \u00e8 storia: in 70 anni si sono susseguite 3 generazioni che, nel 2017, hanno deciso di investire per valorizzare il proprio punto vendita con un\u2019importante ristrutturazione della storica sede realizzando un nuovo moderno punto vendita di 400 metri quadri con scaffalature e layout innovativi.<\/p>\n<p>&nbsp;<\/p>\n<p><img loading=\"lazy\" class=\"aligncenter wp-image-102 size-large\" src=\"https:\/\/www.ferramentastratta.it\/wp-content\/uploads\/2021\/05\/20210113_142422-1024x768.jpg\" alt=\"\" width=\"640\" height=\"480\" srcset=\"https:\/\/www.ferramentastratta.it\/wp-content\/uploads\/2021\/05\/20210113_142422-1024x768.jpg 1024w, https:\/\/www.ferramentastratta.it\/wp-content\/uploads\/2021\/05\/20210113_142422-300x225.jpg 300w, https:\/\/www.ferramentastratta.it\/wp-content\/uploads\/2021\/05\/20210113_142422-768x576.jpg 768w, https:\/\/www.ferramentastratta.it\/wp-content\/uploads\/2021\/05\/20210113_142422-1536x1152.jpg 1536w, https:\/\/www.ferramentastratta.it\/wp-content\/uploads\/2021\/05\/20210113_142422-2048x1536.jpg 2048w\" sizes=\"(max-width: 640px) 100vw, 640px\" \/><\/p>\n<p>&nbsp;<\/p>\n<p>E nell\u2019ottobre 2019 la svolta strategica \u2013 \u201cDecidendo di affiancare agli storici grossisti che ci hanno supportato in questi anni, un gruppo di acquisto come Ferca che ci ha permesso di creare una nuova identit\u00e0 legata ai marchi esclusivi del gruppo e la possibilit\u00e0 di nuova marginalit\u00e0 sui principali marchi nazionali\u201d \u2013 conclude Fabio Stratta.<\/p>\n<p>&nbsp;<\/p>\n<p><img loading=\"lazy\" class=\"aligncenter wp-image-100 size-large\" src=\"https:\/\/www.ferramentastratta.it\/wp-content\/uploads\/2021\/05\/20210113_142341-1024x768.jpg\" alt=\"\" width=\"640\" height=\"480\" srcset=\"https:\/\/www.ferramentastratta.it\/wp-content\/uploads\/2021\/05\/20210113_142341-1024x768.jpg 1024w, https:\/\/www.ferramentastratta.it\/wp-content\/uploads\/2021\/05\/20210113_142341-300x225.jpg 300w, https:\/\/www.ferramentastratta.it\/wp-content\/uploads\/2021\/05\/20210113_142341-768x576.jpg 768w, https:\/\/www.ferramentastratta.it\/wp-content\/uploads\/2021\/05\/20210113_142341-1536x1152.jpg 1536w, https:\/\/www.ferramentastratta.it\/wp-content\/uploads\/2021\/05\/20210113_142341-2048x1536.jpg 2048w\" sizes=\"(max-width: 640px) 100vw, 640px\" \/><\/p>\n<p>&nbsp;<\/p>\n","protected":false},"excerpt":{"rendered":"<p>Una storia lunga ed avvincente per il negozio piemontese: essere stato il primo cliente dello storico grossista Machieraldo ed essere appena entrato a far parte del gruppo Ferca, ne rappresentano solo alcune tappe. Ripercorriamola insieme a Fabio Stratta, nuova generazione dell\u2019azienda con i fratelli Marco e Luca. &nbsp; &nbsp; Ferramenta Stratta di Bollengo (TO) con [&hellip;]<\/p>\n","protected":false},"author":1,"featured_media":13,"parent":0,"menu_order":0,"comment_status":"closed","ping_status":"closed","template":"","meta":[],"_links":{"self":[{"href":"https:\/\/www.ferramentastratta.it\/index.php?rest_route=\/wp\/v2\/pages\/55"}],"collection":[{"href":"https:\/\/www.ferramentastratta.it\/index.php?rest_route=\/wp\/v2\/pages"}],"about":[{"href":"https:\/\/www.ferramentastratta.it\/index.php?rest_route=\/wp\/v2\/types\/page"}],"author":[{"embeddable":true,"href":"https:\/\/www.ferramentastratta.it\/index.php?rest_route=\/wp\/v2\/users\/1"}],"replies":[{"embeddable":true,"href":"https:\/\/www.ferramentastratta.it\/index.php?rest_route=%2Fwp%2Fv2%2Fcomments&post=55"}],"version-history":[{"count":4,"href":"https:\/\/www.ferramentastratta.it\/index.php?rest_route=\/wp\/v2\/pages\/55\/revisions"}],"predecessor-version":[{"id":134,"href":"https:\/\/www.ferramentastratta.it\/index.php?rest_route=\/wp\/v2\/pages\/55\/revisions\/134"}],"wp:featuredmedia":[{"embeddable":true,"href":"https:\/\/www.ferramentastratta.it\/index.php?rest_route=\/wp\/v2\/media\/13"}],"wp:attachment":[{"href":"https:\/\/www.ferramentastratta.it\/index.php?rest_route=%2Fwp%2Fv2%2Fmedia&parent=55"}],"curies":[{"name":"wp","href":"https:\/\/api.w.org\/{rel}","templated":true}]}}